{"id":42,"date":"2015-01-26T14:48:12","date_gmt":"2015-01-26T14:48:12","guid":{"rendered":"http:\/\/themes.muffingroup.com\/be\/spa\/?page_id=42"},"modified":"2017-03-03T16:32:06","modified_gmt":"2017-03-03T19:32:06","slug":"celulas_madre","status":"publish","type":"page","link":"https:\/\/cryovida.com\/2017\/celulas_madre\/","title":{"rendered":"C\u00e9lulas Madre"},"content":{"rendered":"<p>[vc_row][vc_column][vc_empty_space][vc_column_text css_animation=\u00bbtop-to-bottom\u00bb]<\/p>\n<h2><span style=\"color: #a0478e;\">C\u00e9lulas Madre de cord\u00f3n umbilical<\/span><\/h2>\n<p>[\/vc_column_text][\/vc_column][\/vc_row][vc_row][vc_column width=\u00bb1\/2&#8243;][vc_column_text css_animation=\u00bbtop-to-bottom\u00bb]<\/p>\n<h4>Las C\u00e9lulas Madre o troncales, de las que procede el resto de tejidos del organismo, presentan tres caracter\u00edsticas que las hacen \u00fanicas:<\/h4>\n<h4>\u2022 Son capaces de diferenciarse hacia otros tipos celulares.<\/h4>\n<h4>\u2022 Pueden dividirse y hacer copias de s\u00ed mismas.<\/h4>\n<h4>\u2022 Pueden colonizar, integrarse y originar nuevos tejidos.<\/h4>\n<h4>La sangre de cord\u00f3n umbilical (SCU), aquella que queda en el cord\u00f3n y en los vasos sangu\u00edneos de la placenta despu\u00e9s del nacimiento del ni\u00f1o y cuando ya se ha seccionado el cord\u00f3n, es rica en C\u00e9lulas Madre hematopoy\u00e9ticas o sangu\u00edneas. El tejido hematopoy\u00e9tico es responsable de la renovaci\u00f3n de todos los componentes de la sangre (hematopoyesis). As\u00ed mismo, tiene la capacidad de regenerar la m\u00e9dula \u00f3sea y el sistema inmunitario cuando \u00e9ste se encuentra deprimido.<\/h4>\n<h4>Con un 100% de compatibilidad con el donante, la utilidad de estas c\u00e9lulas se extiende a sus familiares: en el 75% de los casos la compatibilidad entre hermanos es muy alta y existe una probabilidad del 25% de que sea total.<\/h4>\n<h4>Las c\u00e9lulas Madre de SCU presentan otras ventajas en las que se basa su potencial terap\u00e9utico:<\/h4>\n<h4>\u2022 Est\u00e1n hasta diez veces m\u00e1s concentradas que las de m\u00e9dula \u00f3sea.<\/h4>\n<h4>\u2022 Tienen una gran capacidad de proliferaci\u00f3n.<\/h4>\n<h4>\u2022 Su potencialidad es muy similar a la de las c\u00e9lulas embrionarias, pero su uso no conlleva ning\u00fan problema \u00e9tico.<\/h4>\n<h4>\u2022 Son las C\u00e9lulas Madre adultas m\u00e1s puras: al proceder de un reci\u00e9n nacido, a\u00fan no han sufrido agresiones externas ni han contra\u00eddo virus, al margen de las enfermedades gen\u00e9ticas que puedan llevar inscritas.<\/h4>\n<p>[\/vc_column_text][\/vc_column][vc_column width=\u00bb1\/2&#8243;][vc_single_image image=\u00bb118&#8243; img_size=\u00bb480&#215;296&#8243; alignment=\u00bbcenter\u00bb style=\u00bbvc_box_shadow_3d\u00bb css_animation=\u00bbtop-to-bottom\u00bb][\/vc_column][\/vc_row][vc_row][vc_column][vc_empty_space][vc_column_text css_animation=\u00bbtop-to-bottom\u00bb]<\/p>\n<h2><span style=\"color: #a0478e;\">Medicina del futuro<\/span><\/h2>\n<p>[\/vc_column_text][\/vc_column][\/vc_row][vc_row][vc_column width=\u00bb1\/2&#8243;][vc_column_text css_animation=\u00bbtop-to-bottom\u00bb]<\/p>\n<h4>El primer trasplante de sangre del cord\u00f3n umbilical se realiz\u00f3 en 1988 en el hospital Saint Louis de Par\u00eds a un ni\u00f1o con anemia de Fanconi, una grave enfermedad hereditaria consistente en la desaparici\u00f3n progresiva de las c\u00e9lulas sangu\u00edneas. El paciente, hoy adulto, se recuper\u00f3 gracias a la donaci\u00f3n de las C\u00e9lulas Madre de su hermano.<\/h4>\n<h4>Los trasplantes de progenitores hematopoy\u00e9ticos constituyen en la actualidad un tratamiento para gran variedad de enfermedades cong\u00e9nitas y adquiridas. Los tradicionales trasplantes de m\u00e9dula \u00f3sea procedentes de un hermano con id\u00e9ntica histocompatibilidad han sido complementados con la posibilidad de obtenci\u00f3n de c\u00e9lulas procedentes de otros or\u00edgenes, como la sangre perif\u00e9rica o la sangre de cord\u00f3n umbilical, as\u00ed como por la posibilidad de realizar trasplantes de otros donantes, emparentados o no, y aut\u00f3logos (con C\u00e9lulas Madre del propio paciente).<\/h4>\n<p>[\/vc_column_text][\/vc_column][vc_column width=\u00bb1\/2&#8243;][vc_column_text css_animation=\u00bbtop-to-bottom\u00bb]<\/p>\n<h4>En la actualidad hay m\u00e1s de 70 enfermedades descritas para las que existe una aplicaci\u00f3n directa de c\u00e9lulas madre de cord\u00f3n umbilical. Los tres campos fundamentales en los que ya se utilizan son la medicina regenerativa, los tratamientos del sistema inmune y las terapias contra el c\u00e1ncer. En los \u00faltimos a\u00f1os se han puesto en marcha ensayos cl\u00ednicos para determinar la eficacia de las C\u00e9lulas Madre de la sangre de cord\u00f3n umbilical en el tratamiento de otras enfermedades.<\/h4>\n<h4>Los avances cient\u00edficos son r\u00e1pidos y numerosos, lo que nos permite pensar en un futuro prometedor con mayores ventajas y aplicaciones terap\u00e9uticas.<\/h4>\n<p>[\/vc_column_text][\/vc_column][\/vc_row][vc_row][vc_column][vc_empty_space][vc_column_text css_animation=\u00bbtop-to-bottom\u00bb]<\/p>\n<h2><span style=\"color: #a0478e;\">Aplicaciones Terap\u00e9uticas.<\/span><\/h2>\n<p>[\/vc_column_text][\/vc_column][\/vc_row][vc_row][vc_column width=\u00bb1\/2&#8243;][vc_column_text css_animation=\u00bbtop-to-bottom\u00bb]<\/p>\n<h4><span style=\"color: #75ac1b;\"><strong>Tratamiento Est\u00e1ndar<\/strong><\/span><\/h4>\n<h4><span style=\"color: #75ac1b;\"><span style=\"color: #a0478e;\">Leucemias agudas:<\/span><br \/>\n<\/span>Linfobl\u00e1stica, mieloide, bifenot\u00edpica e indiferenciada.<\/h4>\n<h4><span style=\"color: #75ac1b;\"><span style=\"color: #a0478e;\">Leucemias cr\u00f3nicas:<br \/>\n<\/span><\/span>Linfoc\u00edtica, mieloide, mieloide cr\u00f3nica juvenil y mielomonoc\u00edtica juvenil.<\/h4>\n<h4><span style=\"color: #75ac1b;\"><span style=\"color: #a0478e;\">S\u00edndromes mielodispl\u00e1sicos:<\/span><\/span><span style=\"color: #993366;\"><br \/>\n<\/span>Anemias refractarias y leucemia mielomonoc\u00edtica cr\u00f3nica.<\/h4>\n<h4><span style=\"color: #a0478e;\">Linfomas de Hodgkin y no Hodgkin.<\/span><\/h4>\n<h4><span style=\"color: #75ac1b;\"><span style=\"color: #a0478e;\">Anomal\u00edas de los eritrocitos heredadas:<\/span><br \/>\n<\/span>Beta talasemia mayor y aplasia pura de serie roja, entre otras; y otros trastornos en la proliferaci\u00f3n de las c\u00e9lulas sangu\u00edneas (anemias, des\u00f3rdenes heredados de las plaquetas, trastornos mieloproliferativos, des\u00f3rdenes en los fagocitos y trastornos hereditarios del sistema inmunol\u00f3gico, como inmunodeficiencias combinadas severas o neutropenias).<\/h4>\n<h4><span style=\"color: #75ac1b;\"><span style=\"color: #a0478e;\">C\u00e1ncer de m\u00e9dula:<\/span><br \/>\n<\/span>Mieloma m\u00faltiple, leucemia de c\u00e9lulas plasm\u00e1ticas, macroglobulinemia de Walderstrom.<\/h4>\n<h4><span style=\"color: #75ac1b;\"><span style=\"color: #a0478e;\">Tumores s\u00f3lidos:<\/span><br \/>\n<\/span>Neuroblastoma y retinoblastoma.<\/h4>\n<h4><span style=\"color: #75ac1b;\"><span style=\"color: #a0478e;\">Trasplantes para des\u00f3rdenes heredados del sistema inmune u otros \u00f3rganos:<\/span><br \/>\n<\/span>Trasplantes para des\u00f3rdenes metab\u00f3licos heredados: mucopolisacaridosis, leucodistrofias y enfermedades lisosomales, entre otros.<\/h4>\n<p>[\/vc_column_text][\/vc_column][vc_column width=\u00bb1\/2&#8243;][vc_column_text css_animation=\u00bbtop-to-bottom\u00bb]<\/p>\n<h4><span style=\"color: #75ac1b;\"><strong>Tratamientos Experimentales<\/strong><\/span><\/h4>\n<h4>(Todav\u00eda no aprobados como tratamientos cl\u00ednicos).<\/h4>\n<h4><span style=\"color: #a0478e;\">Enfermedades autoinmunes:<\/span><br \/>\nArtritis juvenil, artritis reumatoide, dermatomiositis juvenil, s\u00edndrome de Evans, esclerodermia.<\/h4>\n<h4><span style=\"color: #a0478e;\">Trasplantes mediante alteraci\u00f3n gen\u00e9tica de las C\u00e9lulas Madre:<\/span><br \/>\nParkinson, des\u00f3rdenes metab\u00f3licos.<\/h4>\n<h4><span style=\"color: #a0478e;\">Reparaci\u00f3n de c\u00e9lulas nerviosas:<\/span><br \/>\nEsclerosis lateral amiotr\u00f3fica (ELA), distrofia muscular de Duchenne, Alzheimer, Parkinson, Huntington y otras formas de da\u00f1o nervioso.<\/h4>\n<h4><span style=\"color: #a0478e;\">Regeneraci\u00f3n de \u00f3rganos:<\/span><br \/>\nRi\u00f1\u00f3n, h\u00edgado, pulmones.<\/h4>\n<p>[\/vc_column_text][\/vc_column][\/vc_row][vc_row][vc_column][vc_empty_space][\/vc_column][\/vc_row][vc_row][vc_column width=\u00bb1\/2&#8243;][vc_column_text css_animation=\u00bbtop-to-bottom\u00bb]<\/p>\n<h4><strong><span style=\"color: #75ac1b;\">Ensayos Cl\u00ednicos<br \/>\n<\/span><\/strong>(Todav\u00eda no aprobados como tratamientos cl\u00ednicos).<\/h4>\n<p>[\/vc_column_text][vc_column_text]<\/p>\n<h4><span style=\"color: #75ac1b;\"><span style=\"color: #a0478e;\">Enfermedades autoinmunes:<\/span><br \/>\n<\/span>Diabetes tipo I, enfermedad de Chron, lupus.<\/h4>\n<h4><span style=\"color: #75ac1b;\"><span style=\"color: #a0478e;\">Trasplantes para enfermedades del sistema nervioso central:<\/span><br \/>\n<\/span>Par\u00e1lisis, hipoxia, encefalopat\u00eda, traumatismo, da\u00f1os en la m\u00e9dula espinal, esclerosis m\u00faltiple.<\/h4>\n<h4><span style=\"color: #75ac1b;\"><span style=\"color: #a0478e;\">Des\u00f3rdenes en la proliferaci\u00f3n celular:<\/span><br \/>\n<\/span>Fibrosis qu\u00edstica, histiocitosis, epiderm\u00f3lisis bullosa.<\/h4>\n<h4><span style=\"color: #75ac1b;\"><span style=\"color: #a0478e;\">Terapia g\u00e9nica:<\/span><br \/>\n<\/span>Trombastenia de Glanzmann, inmunodeficiencias combinadas severas.<\/h4>\n<h4><span style=\"color: #75ac1b;\"><span style=\"color: #a0478e;\">Cardiomioplastia celular:<\/span><br \/>\n<\/span>Infarto de miocardio, angina.<\/h4>\n<h4><span style=\"color: #75ac1b;\"><span style=\"color: #a0478e;\">Trasplantes para tumores cancerosos:<\/span><br \/>\n<\/span>C\u00e1ncer de pecho, sarcoma de Ewin, carcinoma de c\u00e9lulas renales.<\/h4>\n<p>[\/vc_column_text][\/vc_column][vc_column width=\u00bb1\/2&#8243;][vc_single_image image=\u00bb166&#8243; img_size=\u00bb480&#215;296&#8243; style=\u00bbvc_box_shadow_3d\u00bb css_animation=\u00bbtop-to-bottom\u00bb][\/vc_column][\/vc_row][vc_row][vc_column][vc_empty_space][\/vc_column][\/vc_row][vc_row][vc_column width=\u00bb1\/3&#8243;]<div class=\"flat_box\"><a href=\"http:\/\/cryovida.com\/2017\/preguntas_frecuentes\/\" ><div class=\"photo_wrapper\"><div class=\"icon themebg\" ><i class=\"icon-star-line\"><\/i><\/div><img decoding=\"async\" class=\"photo scale-with-grid\" src=\"https:\/\/cryovida.com\/2017\/wp-content\/uploads\/2015\/01\/Preguntas.jpg\" alt=\"\" width=\"\" height=\"\"\/><\/div><div class=\"desc_wrapper\"><h4>Preguntas Frecuentes<\/h4><div class=\"desc\">Si ten\u00e9s dudas sobre el procedimiento y las C\u00e9lulas Madre, pod\u00e9s despejarlas en nuestra secci\u00f3n de preguntas frecuentes. Si esta secci\u00f3n no disipa todas tus inquietudes , pod\u00e9s consultarnos en cualquier momento.<\/div><\/div><\/a><\/div>\n[\/vc_column][vc_column width=\u00bb1\/3&#8243;]<div class=\"flat_box\"><a href=\"http:\/\/cryovida.com\/2017\/servicios\/\" ><div class=\"photo_wrapper\"><div class=\"icon themebg\" ><i class=\"icon-viadeo\"><\/i><\/div><img decoding=\"async\" class=\"photo scale-with-grid\" src=\"https:\/\/cryovida.com\/2017\/wp-content\/uploads\/2013\/11\/servicios.jpg\" alt=\"\" width=\"\" height=\"\"\/><\/div><div class=\"desc_wrapper\"><h4>Servicios<\/h4><div class=\"desc\">Conoc\u00e9 nuestros servicios y la forma simple de contratar el \u00fanico Banco de C\u00e9lulas Madre de Rosario.<\/div><\/div><\/a><\/div>\n[\/vc_column][vc_column width=\u00bb1\/3&#8243;]<div class=\"flat_box\"><a href=\"http:\/\/cryovida.com\/2017\/location\/\" ><div class=\"photo_wrapper\"><div class=\"icon themebg\" ><i class=\"icon-mail-line\"><\/i><\/div><img decoding=\"async\" class=\"photo scale-with-grid\" src=\"https:\/\/cryovida.com\/2017\/wp-content\/uploads\/2015\/01\/contacto.jpg\" alt=\"\" width=\"\" height=\"\"\/><\/div><div class=\"desc_wrapper\"><h4>Cont\u00e1ctanos <\/h4><div class=\"desc\">Hac\u00e9 una consulta sin cargo y despej\u00e1 todas tus dudas antes de contratar el servicio.<\/div><\/div><\/a><\/div>\n[\/vc_column][\/vc_row][vc_row][vc_column][vc_empty_space][\/vc_column][\/vc_row]<\/p>\n","protected":false},"excerpt":{"rendered":"<p>[vc_row][vc_column][vc_empty_space][vc_column_text css_animation=\u00bbtop-to-bottom\u00bb] C\u00e9lulas Madre de cord\u00f3n umbilical [\/vc_column_text][\/vc_column][\/vc_row][vc_row][vc_column width=\u00bb1\/2&#8243;][vc_column_text css_animation=\u00bbtop-to-bottom\u00bb] Las C\u00e9lulas Madre o troncales, de las que procede el resto de tejidos del organismo, presentan [&hellip;]<\/p>\n","protected":false},"author":2,"featured_media":0,"parent":0,"menu_order":0,"comment_status":"open","ping_status":"open","template":"","meta":{"footnotes":""},"class_list":["post-42","page","type-page","status-publish","hentry"],"aioseo_notices":[],"_links":{"self":[{"href":"https:\/\/cryovida.com\/2017\/wp-json\/wp\/v2\/pages\/42","targetHints":{"allow":["GET"]}}],"collection":[{"href":"https:\/\/cryovida.com\/2017\/wp-json\/wp\/v2\/pages"}],"about":[{"href":"https:\/\/cryovida.com\/2017\/wp-json\/wp\/v2\/types\/page"}],"author":[{"embeddable":true,"href":"https:\/\/cryovida.com\/2017\/wp-json\/wp\/v2\/users\/2"}],"replies":[{"embeddable":true,"href":"https:\/\/cryovida.com\/2017\/wp-json\/wp\/v2\/comments?post=42"}],"version-history":[{"count":83,"href":"https:\/\/cryovida.com\/2017\/wp-json\/wp\/v2\/pages\/42\/revisions"}],"predecessor-version":[{"id":541,"href":"https:\/\/cryovida.com\/2017\/wp-json\/wp\/v2\/pages\/42\/revisions\/541"}],"wp:attachment":[{"href":"https:\/\/cryovida.com\/2017\/wp-json\/wp\/v2\/media?parent=42"}],"curies":[{"name":"wp","href":"https:\/\/api.w.org\/{rel}","templated":true}]}}